)) composite?
False
Let k(q) = -6*q - 7. Suppose 5*r + x = 3*x - 25, 5*r - 4*x = -25. Is k(r) prime?
True
Let l = 49 - 3. Is l a composite number?
True
Let j(v) = -v**2 - 4*v + 7. Let s be j(-5). Is (0 + s)*(-53)/(-2) prime?
True
Suppose 4*d + 4*k - 3200 = 0, -502 = -3*d - 2*k + 1903. Suppose -7*z + 2*z = -d. Is z a composite number?
True
Let w = -347 - -1306. Is w composite?
True
Let m be 1/(1/(-4)*-2). Let n be ((-2)/(-3))/(4/18). Suppose 53 = n*s - m*s. Is s prime?
True
Suppose 3*f + 27 = -4*u, -4*f - 4*u + 3*u - 23 = 0. Let g(k) = -10*k - 1 + 3*k**2 + 7*k + 8*k. Is g(f) a prime number?
False
Let k(s) = s**2 - 13*s - 7. Let g(o) = o**2 - 14*o - 8. Let y(r) = -6*g(r) + 7*k(r). Is y(8) a composite number?
False
Let s(m) = -m**2 + m - 7. Let f be s(-8). Let b = 156 - f. Is b a prime number?
False
Let v(z) = -z**3 + 4*z**2 + z. Let k be v(4). Suppose -290 = -b - k*b. Is b prime?
False
Suppose 5*p - 15463 = 8712. Is p composite?
True
Is (-2)/(-6)*(3 + 90) a prime number?
True
Let t = 4 + -5. Let i be (4/(-12))/(t/12). Suppose i*h - 97 - 387 = 0. Is h a composite number?
True
Suppose 3*i - 5*i = -30. Is (-596)/6*i/(-10) composite?
False
Let s(p) = p - 4. Let f be s(-3). Let a = 11 + f. Suppose 5*t - a*z - 1335 = 0, -5*t + 4*z + 1290 = 9*z. Is t a prime number?
True
Let f(h) = 113*h**3 + h**2 + h. Let r be f(-1). Is (-2 - r)*(-3)/(-9) prime?
True
Suppose 0 = 3*d - 15, 0 = -4*c - d - 0*d + 2529. Is c prime?
True
Let s(g) = g - 6. Let w be s(6). Suppose -3*q - 6*i + 2*i + 50 = w, i = -3*q + 35. Suppose -t - q = -47. Is t a composite number?
False
Suppose -249 = -5*r - 39. Let a(d) = 0*d + 107*d**3 - d + d**2 + r*d**3. Is a(1) composite?
False
Suppose t = 2*t + l + 1, -2*t = -3*l - 13. Suppose -a - 3 = 2*i, 0 + 2 = -t*a - 3*i. Suppose 3*c - 251 = -a*f, -49 - 36 = -c - 2*f. Is c composite?
True
Suppose 17*l - 1465 = 12*l. Is l a composite number?
False
Suppose 0 = -3*s + 4*s - 2. Let i(h) = -3*h - 5 + s + 18*h**2 + 4*h**2. Is i(-2) a prime number?
False
Let r = -25 + 12. Let s be (-1025)/r - 10/(-65). Suppose -s = -0*d - 4*d - 5*p, -5*p - 26 = -d. Is d a prime number?
False
Let z = -8 + 16. Suppose -4*g + 0*g - z = 0. Is ((-10)/g)/(2/6) composite?
True
Suppose 5 = 3*y + 2*y. Is (0 + -3)*y*-7 prime?
False
Suppose 6 = v + 2. Suppose v*r - 349 = 731. Suppose 0 = -3*f + 111 + r. Is f a prime number?
True
Is (-2 - -5)/((-15)/(-725)) prime?
False
Let j = 10 - 16. Let y be (-5 - j)*0/(-2). Suppose 2*r - 62 = -y*r. Is r composite?
False
Suppose -5 = -4*y + 11, 3*i + 31 = -2*y. Is (7/2)/(i/(-442)) a prime number?
False
Suppose -j + 3 + 52 = 4*x, 2*j = -2. Is x prime?
False
Suppose 2*y = 3*u - 6 - 11, 2*y + 22 = 4*u. Suppose 9 - 34 = -u*t. Suppose -2*q - 165 = -t*q. Is q composite?
True
Suppose 2*h = -5*b - 13, 5*b + 3 = -5*h - 22. Let d(g) = g**3 + 5*g**2 + 2*g - 5. Let s be d(h). Is 2/3*s + 77 a composite number?
False
Suppose t + 16 = -3*t. Let m = t - -4. Suppose m = -c + 14 + 65. Is c a composite number?
False
Let w(y) = y + 13. Suppose 18 = -4*a + 6. Let g be ((4 - 2) + 1)*a. Is w(g) a prime number?
False
Let m(l) = -1 - 12*l - 3 + 3 - 14*l. Let i be m(-9). Suppose -4*n - 395 = -9*n - 5*f, -3*n - f = -i. Is n a composite number?
True
Let k(u) = -2*u + 2. Let b be k(1). Is 51 + b*(-3)/(-9) prime?
False
Let t(j) = j**2 + 10*j + 5. Let q(i) = i. Let m(d) = -6*q(d) + t(d). Is m(6) a prime number?
False
Let p(c) = 6*c + 7. Let u be p(-5). Is ((-1 + 2)*u)/(-1) composite?
False
Suppose 5*x - 3 = -u, 4*u = -3*x - u + 15. Let b(m) = -m + 9 - 1 - 3 + 10. Is b(x) a prime number?
False
Is 10/(-35) - 2958/(-14) a composite number?
False
Let l(r) = r**3 + r**2 - r - 5. Let g be l(0). Let j = g - -5. Suppose 2*q = 4*h + h - 85, j = -5*h + 3*q + 80. Is h prime?
True
Suppose -5*q + 2034 = q. Is q prime?
False
Let j = 424 - 213. Is j a prime number?
True
Suppose -11*n + 3*n + 1992 = 0. Is n a composite number?
True
Let i = -4 + 7. Suppose x - i = 22. Suppose u - 4*s + x = 83, 0 = -3*u + 2*s + 144. Is u a composite number?
True
Let p(o) = -o**2 + 8*o + 2. Let h be 25/10*(-32)/(-10). Let g be p(h). Suppose -k + 4*k - 467 = 4*c, 273 = g*k + 5*c. Is k a composite number?
False
Let h(f) = 9*f**2 + 8*f + 13. Is h(-6) a composite number?
True
Suppose 0 = 4*l + j - 47, 2*l - 5*j - 28 = -j. Let m be (l/10)/(1/5). Is (8/(-10))/(m/(-345)) prime?
False
Let c(b) = b**2 - 2*b - 2. Suppose -5*v - 9 = -3*x, v - 5 + 2 = -x. Suppose -2*f + 3*f - i = 0, v = -5*f - 3*i - 24. Is c(f) a prime number?
True
Is (2931/3)/((-2)/(-2)) composite?
False
Suppose -2*h + 173 + 829 = 0. Is h a prime number?
False
Let y = 21 + -31. Let n be (-2 - y/4)*4. Suppose n*m - 22 = -0. Is m prime?
True
Let c be 4*(-1 - 9/(-12)). Is c/(0 - 3/279) a prime number?
False
Let k(q) = 19*q - 9. Is k(8) composite?
True
Let b(u) = -4*u**2 - u**3 - 5*u + 6*u + 3 + 0*u. Let a be b(-4). Is (-6)/(-2) - (a - 141) composite?
True
Let q(a) = 4*a**3 - 3*a**2 - 5*a - 3. Is q(5) composite?
False
Let b(g) = g + 1. Let m(l) = 11*l - 9. Let f(n) = 2*b(n) + m(n). Let c(y) = 1. Let t(p) = 6*c(p) + f(p). Is t(6) a composite number?
True
Let y = 5 - 6. Is (422/1)/(y - -3) a prime number?
True
Let k(a) = 119*a + 5 - 2 - 4. Let f be k(1). Suppose -o = -b + 57, 2*b - f = -0*b + 4*o. Is b prime?
False
Let h(l) = 476*l - 17. Let j(p) = 238*p - 9. Let x(m) = 6*h(m) - 11*j(m). Is x(2) a prime number?
False
Suppose 5*m + k = 15, -8*k = -3*k + 25. Suppose -m*l + 5*l - 1 = 0. Is 1/(((-2)/(-38))/l) a composite number?
False
Let v = 10 - 6. Suppose -v*q = -r - 3*r + 28, 0 = 3*r + q - 1. Suppose -12 = -r*u - u. Is u prime?
False
Let z be 9*((-2)/1)/(-2). Suppose -3*p = z, -5*p + 1 = 2*y + 4. Let d(c) = -c**2 + 12*c - 5. Is d(y) a composite number?
False
Let d be (-1)/3 - (-2)/6. Let n(g) = 8*g - 2 + 3*g + d*g. Is n(3) a prime number?
True
Suppose -5*h - 20 = -0*h, -m - 3*h = -463. Is m/9 - 8/(-36) a prime number?
True
Let w = 5 - 5. Suppose 0 = -w*z + 2*z - 70. Is z composite?
True
Suppose l + v - 7 = 0, -4*v = v - 20. Is 2/((-2798)/934 + l) a composite number?
False
Let d = -2 - -7. Suppose d*f = -0*f + 425. Is f a composite number?
True
Is (-161)/(-1) - (10 - 8) - 0 a prime number?
False
Let j be (-11)/((-44)/720) + -3. Suppose 5*k - 68 = j. Is k composite?
True
Let q = 115 - 36. Is q composite?
False
Let c(i) = 130*i + 1. Let p be c(1). Suppose p = -d - 23. Is (-2 - -1)/(2/d) a composite number?
True
Suppose 0 = 5*u - 3*n - 8340, -12 = -4*n + 8. Is u prime?
False
Suppose d + 5 = 3*m, 0 = -3*m + 5*m + 3*d + 15. Let y(b) = 3 + m - 8 - 6 - 29*b. Is y(-12) prime?
True
Suppose 2*m = 5*z + 3 - 9, -3*z + 5*m - 4 = 0. Suppose -3*r + 11 = z, -4*w + 5*r = -257. Let q = w + -37. Is q a prime number?
True
Let o(j) be the third derivative of -j**6/120 - j**5/12 - j**4/12 - j**3/6 + 7*j**2. Is o(-6) prime?
True
Suppose -5*s + 61 = 2*z, 2*z = 4*z + 3*s - 51. Let c be z/(-14) - 6/(-21). Is c + (-6 + 0)*-2 a prime number?
True
Let q(c) = 17*c**2 - 6 - 4*c**2 + 11. Is q(-4) prime?
False
Suppose 154 = 3*p + 4*p. Is p composite?
True
Suppose -3*s + 265 + 1064 = 0. Is s composite?
False
Let h be (-7)/(-3) - (-2)/(-6). Let q = -13 - -13. Is h - (-2 + -93 + q) prime?
True
Let d be -11 + -2 + (-8)/(-2). Let t(b) = 2*b - 11. Let a(h) = -h + 6. Let j(u) = 9*a(u) + 4*t(u). Is j(d) composite?
False
Let m(a) = -a**2 + 12*a - 13. Let f be m(10). Suppose -4*h + f*h - 9 = 0. Suppose -h*o + 2*l + 30 = -l, -2*l = -10. Is o a composite number?
True
Let p = -1567 - -2258. Is p prime?
True
Let b be 41/5 - 2/10. Let m = b + -6. Suppose -v + n + 2*n - 1 = 0, 2*n = m*v - 14. Is v composite?
False
Suppose 6*p - 5*p = 3. Suppose -s + 3*h = 5 + p, -4 = -2*s + h. Suppose -v = 5*q - 16 + 2, 5*v - s*q - 12 = 0. Is v a prime number?
False
Let a = 3 + 1. Suppose -a*n + 0*x = x - 22, -36 = -5*n + 3*x. Suppose 0 = -4*r + 46 - n. Is r prime?
False
Let o be (-5)/1*84/(-10). Is o/((-5 - -2) + 5) composite?
True
Let u(o) be the third derivative of o**5/60 - o**4/12 - 5*o**3/6 + o**2. Let j be u(4). Suppose -j*p = -2*k + 4*k - 11, -5*p = k + 5. Is k a prime number?
False
Let r(w) = -w**3 - 8*w**2 - 7*w - 13. Let q be -3*(-1 - 52/(-12)). Is r(q) composite?
False
Suppose 3*b = 15*b - 29244. Is b prime?
True
Suppose 0 = 2*s + 3*s - 5*r - 55, -4*r = -5*s + 50. Suppose 0 = 5*y - 737 - 738. Suppose 5*x + y